{"id":5901,"date":"2017-09-06T12:53:34","date_gmt":"2017-09-06T10:53:34","guid":{"rendered":"http:\/\/blaze.edge-themes.com\/?post_type=product&#038;p=5901"},"modified":"2025-05-18T15:28:24","modified_gmt":"2025-05-18T13:28:24","slug":"witaj","status":"publish","type":"product","link":"https:\/\/banasik.art\/sklep\/sztuka\/witaj\/","title":{"rendered":"Naszyjnik &#8222;Witaj&#8221;"},"content":{"rendered":"<p>Naszyjnik &#8222;Witaj&#8221; to wyj\u0105tkowy i oryginalny dodatek, wykonany ze srebra przez utalentowanego artyst\u0119-rze\u017abiarza. Ten unikalny naszyjnik z pewno\u015bci\u0105 przyci\u0105ga uwag\u0119 i wywo\u0142uje zainteresowanie.<\/p>\n<p>Centralnym elementem naszyjnika jest zawieszka przedstawiaj\u0105ca gest d\u0142oni w formie powitalnego &#8222;Witaj&#8221;. To symboliczne przedstawienie r\u0119ki, kt\u00f3re wyra\u017ca serdeczno\u015b\u0107, go\u015bcinno\u015b\u0107 i pozytywne przes\u0142anie. Ten gest niesie ze sob\u0105 pozytywn\u0105 energi\u0119 i przyjazn\u0105 atmosfer\u0119.<\/p>\n<p>Wykonany w\u0142asnor\u0119cznie przez artyst\u0119-rze\u017abiarza, naszyjnik &#8222;Witaj&#8221; jest niepowtarzaln\u0105 bi\u017cuteri\u0105, kt\u00f3ra wyra\u017ca indywidualno\u015b\u0107 i kunszt tw\u00f3rcy. Ka\u017cdy egzemplarz jest starannie formowany, co sprawia, \u017ce noszenie tego naszyjnika jest wyj\u0105tkowym do\u015bwiadczeniem.<\/p>\n<p>Ten naszyjnik doskonale uzupe\u0142nia r\u00f3\u017cne stylizacje, dodaj\u0105c im wyj\u0105tkowego i artystycznego akcentu. Mo\u017ce by\u0107 noszony na co dzie\u0144, jako wyraz pozytywnego podej\u015bcia do \u017cycia, albo jako wyj\u0105tkowa ozdoba na specjalne okazje.<\/p>\n","protected":false},"excerpt":{"rendered":"<p>Naszyjnik &#8222;Witaj&#8221; to wyj\u0105tkowy i oryginalny dodatek, wykonany ze srebra przez utalentowanego artyst\u0119-rze\u017abiarza. Ten unikalny naszyjnik z pewno\u015bci\u0105 przyci\u0105ga uwag\u0119 i wywo\u0142uje zainteresowanie. Centralnym elementem naszyjnika jest zawieszka przedstawiaj\u0105ca gest d\u0142oni w formie powitalnego &#8222;Witaj&#8221;. To symboliczne przedstawienie r\u0119ki, kt\u00f3re wyra\u017ca serdeczno\u015b\u0107, go\u015bcinno\u015b\u0107 i pozytywne&#8230;<\/p>\n","protected":false},"featured_media":6555,"comment_status":"open","ping_status":"closed","template":"","meta":{"spay_email":""},"product_cat":[70],"product_tag":[],"class_list":["post-5901","product","type-product","status-publish","has-post-thumbnail","hentry","product_cat-naszyjniki-srebrne"],"yoast_head":"<!-- This site is optimized with the Yoast SEO plugin v18.6 - https:\/\/yoast.com\/wordpress\/plugins\/seo\/ -->\n<title>Naszyjnik &quot;Witaj&quot; - Banasik Jewelry<\/title>\n<meta name=\"robots\" content=\"index, follow, max-snippet:-1, max-image-preview:large, max-video-preview:-1\" \/>\n<link rel=\"canonical\" href=\"https:\/\/banasik.art\/sklep\/sztuka\/witaj\/\" \/>\n<meta property=\"og:locale\" content=\"pl_PL\" \/>\n<meta property=\"og:type\" content=\"article\" \/>\n<meta property=\"og:title\" content=\"Naszyjnik &quot;Witaj&quot; - Banasik Jewelry\" \/>\n<meta property=\"og:description\" content=\"Naszyjnik &#8222;Witaj&#8221; to wyj\u0105tkowy i oryginalny dodatek, wykonany ze srebra przez utalentowanego artyst\u0119-rze\u017abiarza. Ten unikalny naszyjnik z pewno\u015bci\u0105 przyci\u0105ga uwag\u0119 i wywo\u0142uje zainteresowanie. Centralnym elementem naszyjnika jest zawieszka przedstawiaj\u0105ca gest d\u0142oni w formie powitalnego &#8222;Witaj&#8221;. To symboliczne przedstawienie r\u0119ki, kt\u00f3re wyra\u017ca serdeczno\u015b\u0107, go\u015bcinno\u015b\u0107 i pozytywne...\" \/>\n<meta property=\"og:url\" content=\"https:\/\/banasik.art\/sklep\/sztuka\/witaj\/\" \/>\n<meta property=\"og:site_name\" content=\"Banasik Jewelry\" \/>\n<meta property=\"article:modified_time\" content=\"2025-05-18T13:28:24+00:00\" \/>\n<meta property=\"og:image\" content=\"https:\/\/banasik.art\/sklep\/wp-content\/uploads\/2017\/09\/DSC_2063b_Easy-Resize.com_.jpg\" \/>\n\t<meta property=\"og:image:width\" content=\"1024\" \/>\n\t<meta property=\"og:image:height\" content=\"683\" \/>\n\t<meta property=\"og:image:type\" content=\"image\/jpeg\" \/>\n<meta name=\"twitter:card\" content=\"summary_large_image\" \/>\n<meta name=\"twitter:label1\" content=\"Szacowany czas czytania\" \/>\n\t<meta name=\"twitter:data1\" content=\"1 minuta\" \/>\n<script type=\"application\/ld+json\" class=\"yoast-schema-graph\">{\"@context\":\"https:\/\/schema.org\",\"@graph\":[{\"@type\":\"WebSite\",\"@id\":\"https:\/\/banasik.art\/sklep\/#website\",\"url\":\"https:\/\/banasik.art\/sklep\/\",\"name\":\"Banasik Jewelry\",\"description\":\"Bi\u017cuteria prosto z pracowni rze\u017abiarza\",\"potentialAction\":[{\"@type\":\"SearchAction\",\"target\":{\"@type\":\"EntryPoint\",\"urlTemplate\":\"https:\/\/banasik.art\/sklep\/?s={search_term_string}\"},\"query-input\":\"required name=search_term_string\"}],\"inLanguage\":\"pl-PL\"},{\"@type\":\"ImageObject\",\"@id\":\"https:\/\/banasik.art\/sklep\/sztuka\/witaj\/#primaryimage\",\"inLanguage\":\"pl-PL\",\"url\":\"https:\/\/banasik.art\/sklep\/wp-content\/uploads\/2017\/09\/DSC_2063b_Easy-Resize.com_.jpg\",\"contentUrl\":\"https:\/\/banasik.art\/sklep\/wp-content\/uploads\/2017\/09\/DSC_2063b_Easy-Resize.com_.jpg\",\"width\":1024,\"height\":683},{\"@type\":\"WebPage\",\"@id\":\"https:\/\/banasik.art\/sklep\/sztuka\/witaj\/#webpage\",\"url\":\"https:\/\/banasik.art\/sklep\/sztuka\/witaj\/\",\"name\":\"Naszyjnik \\\"Witaj\\\" - Banasik Jewelry\",\"isPartOf\":{\"@id\":\"https:\/\/banasik.art\/sklep\/#website\"},\"primaryImageOfPage\":{\"@id\":\"https:\/\/banasik.art\/sklep\/sztuka\/witaj\/#primaryimage\"},\"datePublished\":\"2017-09-06T10:53:34+00:00\",\"dateModified\":\"2025-05-18T13:28:24+00:00\",\"breadcrumb\":{\"@id\":\"https:\/\/banasik.art\/sklep\/sztuka\/witaj\/#breadcrumb\"},\"inLanguage\":\"pl-PL\",\"potentialAction\":[{\"@type\":\"ReadAction\",\"target\":[\"https:\/\/banasik.art\/sklep\/sztuka\/witaj\/\"]}]},{\"@type\":\"BreadcrumbList\",\"@id\":\"https:\/\/banasik.art\/sklep\/sztuka\/witaj\/#breadcrumb\",\"itemListElement\":[{\"@type\":\"ListItem\",\"position\":1,\"name\":\"Strona g\u0142\u00f3wna\",\"item\":\"https:\/\/banasik.art\/sklep\/\"},{\"@type\":\"ListItem\",\"position\":2,\"name\":\"Sklep\",\"item\":\"https:\/\/banasik.art\/sklep\/\"},{\"@type\":\"ListItem\",\"position\":3,\"name\":\"Naszyjnik &#8222;Witaj&#8221;\"}]}]}<\/script>\n<!-- \/ Yoast SEO plugin. -->","yoast_head_json":{"title":"Naszyjnik \"Witaj\" - Banasik Jewelry","robots":{"index":"index","follow":"follow","max-snippet":"max-snippet:-1","max-image-preview":"max-image-preview:large","max-video-preview":"max-video-preview:-1"},"canonical":"https:\/\/banasik.art\/sklep\/sztuka\/witaj\/","og_locale":"pl_PL","og_type":"article","og_title":"Naszyjnik \"Witaj\" - Banasik Jewelry","og_description":"Naszyjnik &#8222;Witaj&#8221; to wyj\u0105tkowy i oryginalny dodatek, wykonany ze srebra przez utalentowanego artyst\u0119-rze\u017abiarza. Ten unikalny naszyjnik z pewno\u015bci\u0105 przyci\u0105ga uwag\u0119 i wywo\u0142uje zainteresowanie. Centralnym elementem naszyjnika jest zawieszka przedstawiaj\u0105ca gest d\u0142oni w formie powitalnego &#8222;Witaj&#8221;. To symboliczne przedstawienie r\u0119ki, kt\u00f3re wyra\u017ca serdeczno\u015b\u0107, go\u015bcinno\u015b\u0107 i pozytywne...","og_url":"https:\/\/banasik.art\/sklep\/sztuka\/witaj\/","og_site_name":"Banasik Jewelry","article_modified_time":"2025-05-18T13:28:24+00:00","og_image":[{"width":1024,"height":683,"url":"https:\/\/banasik.art\/sklep\/wp-content\/uploads\/2017\/09\/DSC_2063b_Easy-Resize.com_.jpg","type":"image\/jpeg"}],"twitter_card":"summary_large_image","twitter_misc":{"Szacowany czas czytania":"1 minuta"},"schema":{"@context":"https:\/\/schema.org","@graph":[{"@type":"WebSite","@id":"https:\/\/banasik.art\/sklep\/#website","url":"https:\/\/banasik.art\/sklep\/","name":"Banasik Jewelry","description":"Bi\u017cuteria prosto z pracowni rze\u017abiarza","potentialAction":[{"@type":"SearchAction","target":{"@type":"EntryPoint","urlTemplate":"https:\/\/banasik.art\/sklep\/?s={search_term_string}"},"query-input":"required name=search_term_string"}],"inLanguage":"pl-PL"},{"@type":"ImageObject","@id":"https:\/\/banasik.art\/sklep\/sztuka\/witaj\/#primaryimage","inLanguage":"pl-PL","url":"https:\/\/banasik.art\/sklep\/wp-content\/uploads\/2017\/09\/DSC_2063b_Easy-Resize.com_.jpg","contentUrl":"https:\/\/banasik.art\/sklep\/wp-content\/uploads\/2017\/09\/DSC_2063b_Easy-Resize.com_.jpg","width":1024,"height":683},{"@type":"WebPage","@id":"https:\/\/banasik.art\/sklep\/sztuka\/witaj\/#webpage","url":"https:\/\/banasik.art\/sklep\/sztuka\/witaj\/","name":"Naszyjnik \"Witaj\" - Banasik Jewelry","isPartOf":{"@id":"https:\/\/banasik.art\/sklep\/#website"},"primaryImageOfPage":{"@id":"https:\/\/banasik.art\/sklep\/sztuka\/witaj\/#primaryimage"},"datePublished":"2017-09-06T10:53:34+00:00","dateModified":"2025-05-18T13:28:24+00:00","breadcrumb":{"@id":"https:\/\/banasik.art\/sklep\/sztuka\/witaj\/#breadcrumb"},"inLanguage":"pl-PL","potentialAction":[{"@type":"ReadAction","target":["https:\/\/banasik.art\/sklep\/sztuka\/witaj\/"]}]},{"@type":"BreadcrumbList","@id":"https:\/\/banasik.art\/sklep\/sztuka\/witaj\/#breadcrumb","itemListElement":[{"@type":"ListItem","position":1,"name":"Strona g\u0142\u00f3wna","item":"https:\/\/banasik.art\/sklep\/"},{"@type":"ListItem","position":2,"name":"Sklep","item":"https:\/\/banasik.art\/sklep\/"},{"@type":"ListItem","position":3,"name":"Naszyjnik &#8222;Witaj&#8221;"}]}]}},"_links":{"self":[{"href":"https:\/\/banasik.art\/sklep\/wp-json\/wp\/v2\/product\/5901","targetHints":{"allow":["GET"]}}],"collection":[{"href":"https:\/\/banasik.art\/sklep\/wp-json\/wp\/v2\/product"}],"about":[{"href":"https:\/\/banasik.art\/sklep\/wp-json\/wp\/v2\/types\/product"}],"replies":[{"embeddable":true,"href":"https:\/\/banasik.art\/sklep\/wp-json\/wp\/v2\/comments?post=5901"}],"wp:featuredmedia":[{"embeddable":true,"href":"https:\/\/banasik.art\/sklep\/wp-json\/wp\/v2\/media\/6555"}],"wp:attachment":[{"href":"https:\/\/banasik.art\/sklep\/wp-json\/wp\/v2\/media?parent=5901"}],"wp:term":[{"taxonomy":"product_cat","embeddable":true,"href":"https:\/\/banasik.art\/sklep\/wp-json\/wp\/v2\/product_cat?post=5901"},{"taxonomy":"product_tag","embeddable":true,"href":"https:\/\/banasik.art\/sklep\/wp-json\/wp\/v2\/product_tag?post=5901"}],"curies":[{"name":"wp","href":"https:\/\/api.w.org\/{rel}","templated":true}]}}